1/12*p**4 - 5/6*p**3. Determine a(-4).
1
Let m(j) = 5*j**2 + j. Let y(d) = d**3 + 12*d**2 - 14*d - 16. Let f be y(-13). Let z be (-6)/(-3) + f - 6/(-3). Calculate m(z).
6
Let o(r) = r**2 + 9*r + 7. Suppose -5*q + 22 = -i, 3*i + 0*i + 18 = -q. Determine o(i).
-7
Suppose -13*d = -14*d + 2*y - 5, -2*d = 3*y - 4. Let j(h) = 7*h. Let f(n) = 48*n. Let i(q) = -4*f(q) + 27*j(q). What is i(d)?
3
Let k(i) = -16*i - 1. Let m(w) = 58*w - 12 - 49*w - w**2 + 47 - 25*w. Let q be m(-18). What is k(q)?
15
Suppose 74 = -41*o + 566. Let g(j) = -j**3 + 12*j**2 + j - 14. What is g(o)?
-2
Suppose 2*j + 154 = 3*r, 0 = 2*r + 2*r + 2*j - 196. Suppose -5*c - r = -5*w, -2*c - 12 = -5*w + 17. Let q(v) = -2*v - 6. Calculate q(c).
8
Suppose 0 = 5*g - 5*s + 2 + 18, 2*g = -s - 2. Let c(v) = -63*v + 66*v + 2 + 0*v**2 + 2*v**2. Determine c(g).
4
Let z(i) = -23*i**3 - 2*i**2 + 2*i + 11. Suppose -6*q = -3*q + 18. Let l(v) = 12*v**3 + v**2 - v - 6. Let w(k) = q*z(k) - 11*l(k). What is w(1)?
6
Let g(k) = -k + 5. Let i(r) = -r**2 - 2*r - 5. Let w be i(4). Let c = 26 + w. Let s = 1 - c. Give g(s).
1
Let o(n) = -7 + 208531*n**2 - 208532*n**2 + 30 - 11*n. Calculate o(-12).
11
Let k(m) = 4346 - 7*m**2 + 6*m - 8696 - m**3 + 4347. Determine k(-8).
13
Let x be 3/(-1) + -5 + 11. Let g(u) = 5. Let y = 7 + -6. Let v(q) = -q - 1. Let h(j) = x*v(j) + y*g(j). Calculate h(-4).
14
Let l(p) = -6*p - 3. Let x(s) = 18*s + 14. Let i(w) = -7*l(w) - 2*x(w). Calculate i(9).
47
Let l(h) = -11*h**2 + 15*h - 15. Let v(t) = 5*t**2 - 7*t + 6. Let d(u) = 6*l(u) + 13*v(u). Calculate d(0).
-12
Suppose -7*a + 5*a + 4 = 0. Let k(i) = -13*i + i**3 + 5*i**a + 7 + 9*i + i. Determine k(-5).
22
Let x(k) = -k - 8. Let c(o) = 5*o + 32. Let t be (-9)/(-18) - 10/(-4). Suppose -3*g = -f - 2*g + 2, -5*f + 2 = -t*g. Let r(d) = f*c(d) - 9*x(d). Give r(6).
2
Suppose -s - 8 = 4*f + 12, -f - s = 5. Let o(l) = 0*l + 49 - 50 - l. What is o(f)?
4
Let g(s) = -11*s**3 - 24*s**2 + 31. Let t(z) = 5*z**3 + 11*z**2 - 15. Let y(l) = 6*g(l) + 13*t(l). Calculate y(0).
-9
Suppose -3*w - o = -9, w - 1 = 46*o - 47*o. Let c(d) = 5*d + 3. Calculate c(w).
23
Suppose 3*z + 12 = 4*h + 3, -3 = z - 5*h. Let w(o) = -3*o + 1. Determine w(z).
10
Suppose -4*o + 16 = p, 2*p = -3*o + 5*p + 27. Let m = o + 4. Let k(s) = -s**2 + 9*s + 3. Calculate k(m).
3
Suppose -98*p = 2*p + 400. Let t(g) = -g**3 - 6*g**2 - 9*g - 8. Determine t(p).
-4
Suppose -718*r = -720*r + 16. Let t(u) = -u + 5. Give t(r).
-3
Let r(s) = s**3 + 11*s**2 + 9*s - 19. Let l be r(-9). Let b = -58 + l. Let n(m) = 2*m + 4. Determine n(b).
12
Let s = -68 - -50. Let t be (-15)/9 + 2 + 78/s. Let r(a) = -2*a**2 - 4*a. Determine r(t).
-16
Let q(n) be the third derivative of 0 + 1/4*n**4 - 2/3*n**3 - 1/60*n**5 - 19*n**2 + 0*n. What is q(4)?
4
Let a(p) = -3*p**2 - 7*p**2 + p**3 - 14 - 14*p - 11*p + 26*p. Give a(10).
-4
Let i(d) = d**3 - 7. Suppose 0 = 227*s - 223*s - 8. Suppose 5*j + 4 = -4*a - 6, -a - 2*j = 4. Suppose s*c - c = a. Calculate i(c).
-7
Let q(i) = 2*i - 17 - 3*i + 7. Let z = -12338 + 12330. Give q(z).
-2
Let c(j) = 0*j - 2*j - 4 + 3*j. Let d = 7 + -4. Determine c(d).
-1
Let d(n) = 2*n**2 + 6*n - 4. Suppose 4*f - 20*b + 16*b = -28, 5*f + 31 = 3*b. Calculate d(f).
16
Let v be (3/2)/((-2)/(-4)). Let r be (8 + 1)/3 - 2 - -1. Let z(x) = 38*x + 1 + x**r + 1 - 35*x - 2*x**2. Give z(v).
2
Suppose -p = -7*p + 24. Suppose 0 = -3*j + 3 - 12, 3*d + 6 = -3*j. Let a(o) = -1 + 5*o + 3*o**2 - 8*o**3 - 3*o - d + 7*o**3. Give a(p).
-10
Let u = -873 - -866. Let v(t) = -t**3 - 6*t**2 + 6*t + 7. What is v(u)?
14
Let w(m) = m**2 - 2*m - 4. Let t = -1122 + 1122. What is w(t)?
-4
Let i(p) = 2*p - 1. Suppose -2*a + 252 = -5*u, 3*u + 53 = -a - 96. Let d = u - -81. Let k be (-12)/(-66) + d/11. Give i(k).
5
Let i(c) = 4*c + 91. Let k be i(-22). Let v = -1 + 1. Let w(q) = -2*q**2 - k*q**2 + q + v*q**2 + 4*q**2 + 6. Calculate w(5).
-14
Let u(i) = i**2 + i - 13 + 4*i - 4*i + 0*i**2 + 0*i**2. Calculate u(-4).
-1
Let q(u) = -4*u**2 + 4*u + 6. Let l be q(-2). Let y = 20 + l. Let x(k) be the third derivative of -k**4/6 - 2*k**2. Give x(y).
-8
Let b(z) be the third derivative of z**7/2520 + z**6/720 + z**5/12 - 13*z**2. Let m(k) be the third derivative of b(k). What is m(-1)?
-1
Let f = -204 + 199. Let v(t) = t**3 + 5*t**2 - 6. What is v(f)?
-6
Let n(r) be the third derivative of r**8/20160 - r**7/1008 + r**6/240 + r**5/4 + 12*r**2. Let o(y) be the third derivative of n(y). Give o(3).
-3
Let d(k) = -k**3 - 6*k**2 + 7*k. Let i = -1468 + 1461. Give d(i).
0
Let i(r) = -8*r + 2. Let g(u) = -16*u + 5. Let q(z) = 2*g(z) - 5*i(z). Give q(7).
56
Suppose -5*q - 255 = -310. Let z(h) = h - 8. Determine z(q).
3
Let u(w) be the first derivative of -5*w - 3*w**2 - 1/3*w**3 - 8. Suppose 0 - 10 = 2*i. Determine u(i).
0
Let y(s) = -s - 3. Suppose -17 - 13 = -10*o. Suppose 0 = -3*d + r + 12, o*d = -0*r - 2*r + 3. Calculate y(d).
-6
Let i(z) be the first derivative of -13 + 0*z - 3/2*z**2. Suppose -4*b = -m - 7, -2*m + 5*m = b - 10. Determine i(b).
-3
Let h be (-18)/14 - 6/(-21). Let m(q) = 8*q - 8. Let z(s) = 7*s - 7. Let u(b) = -6*m(b) + 7*z(b). Let w(n) = 2*n - 3. Let x(j) = h*w(j) + u(j). Give x(-6).
8
Let q(i) be the second derivative of -i**5/20 - i**4/6 - 3*i**2 + 150*i - 3. Determine q(-3).
3
Let m(k) = k**3 - k + 2. Let u be 3/(-9) + (-80)/(-24) - 1. What is m(u)?
8
Suppose 0*j - 4*j - 2*f = 6, 0 = -4*j + f - 3. Let g(s) = 3*s**2 - s. Determine g(j).
4
Let u(f) = f**2 + 3*f - 5. Let z(h) = -h + 10. Suppose 3*a + 3*s = 5*s + 254, 0 = -3*a - s + 251. Suppose 2*g = -4*g + a. Let t be z(g). Determine u(t).
-1
Suppose -5*x = -2*y + 17, 4*y - 5*x + 4*x = 25. Let f(w) = 14*w - y*w - 5*w - w - 5. Calculate f(5).
5
Suppose a - 2*w - 14 = w, -3*w = 2*a + 8. Let v = -2 - a. Let q(r) = -r**3 - 3*r**2 + 5*r + 3. Let h be q(v). Let x(c) = -11*c**3 + c**2. Calculate x(h).
12
Let p(m) be the second derivative of -m**3/6 - m**2/2 + 12*m + 1. Calculate p(4).
-5
Suppose 3*b = 2*p - 1, 0 = 6*p - p - 10. Let m(q) = 2*q + 1. Let l(n) = -n + 1. Let i(u) = b*l(u) + m(u). Let h be (-15)/(-5) - -2*1. Determine i(h).
7
Let b(f) = -2*f - 2*f**2 - 3 - 11*f**3 + 10*f**3 - 7*f**3 - f + f. Calculate b(-2).
57
Let t(m) = m**2 + 9*m + 8. Suppose 2*v + 14 = h, 4*v + 3*h + 34 = 2*h. Give t(v).
0
Suppose 12*c + 62 = 2. Let w(u) be the third derivative of 4*u**2 + 0*u - 1/24*u**4 + 0 - 1/6*u**3. Calculate w(c).
4
Let a(c) be the second derivative of -c**4/12 - 4*c**3/3 + 2*c**2 - 59*c. What is a(-6)?
16
Let i(j) be the first derivative of -j**6/180 + j**5/120 + j**4/24 - 8*j**3/3 - 1. Let g(w) be the third derivative of i(w). Let y = 41 + -39. What is g(y)?
-5
Let z(p) = -2*p**2 + p**3 - 3*p**2 - 5*p - 5 + 0*p**2. Let h(t) = 1. Let u(v) = -2*v**2 + 48*v - 8. Let w(b) = -2*h(b) - u(b). Let y be w(24). Give z(y).
1
Suppose 278 - 323 = 5*h. Let f(j) = j**3 + 9*j**2 + 3*j + 17. Determine f(h).
-10
Let n(x) = -x + 1. Let b be n(-3). Let g be (6 - (-1 - 0)) + b + -5. Let c(l) = -l**3 + 7*l**2 - 6*l + 6. Give c(g).
6
Let u = 8 + -6. Let q(v) be the second derivative of -v**5/60 + v**4/12 + v**3/6 - 7*v**2/2 + 15*v. Let h(w) be the first derivative of q(w). Determine h(u).
1
Let c(a) = -3*a - 13. Suppose -13 = 3*k + 5. Let r(q) = 6*q + 25. Let n(o) = k*r(o) - 11*c(o). What is n(-6)?
11
Let a(z) = -z - 3. Let t(s) = -s**3 + 5*s**2 + 6*s - 3. Let y be t(6). Let o be -1*(3 + -12) + y. Suppose 6 = -4*n - o. Give a(n).
0
Let j(n) = -10*n - 58. Let g = -2063 - -2056. Determine j(g).
12
Suppose -5*p + 2*p + 32 = -4*x, 4*x + p = -48. Let u(k) = -3*k - 28. Determine u(x).
5
Let n(l) = -l**2 + 6*l - 6. Let g = 559 - 553. Determine n(g).
-6
Suppose 0 = -220*j + 223*j + 15. Let x(a) = a**3 + a**2 - a - 1. Let m(u) = -6*u**3 - 11*u**2 + 5*u + 9. Let o(q) = m(q) + 5*x(q). Determine o(j).
-21
Let w = 8 - 1. Suppose -5 + w = n. Let t(q) = q**2 + q - 1. What is t(n)?
5
Let t(q) = -q**3 - 3*q**2 - 4*q - 6. Suppose 0 = 3*b + 2*b + 15. Let k be t(b). Let h(i) = i + 5. Calculate h(k).
11
Let w(m) be the third derivative of 0*m + 1/60*m**5 + 1/24*m**4 - 7/6*m**3 - 1/120*m**6 + 0 + 12*m**2. Give w(0).
-7
Let t(m) be the second derivative of -m**4/12 + m**3/3 + m**2 - m. Suppose -a + 27 - 24 = 0. Give t(a).
-1
Let l(f) = -f**3 + 15*f**2 + f - 11. Suppose 0 = 2*o - 45*o + 645. Determine l(o).
4
S